{"id":354,"date":"2026-04-07T11:04:37","date_gmt":"2026-04-07T11:04:37","guid":{"rendered":"https:\/\/uonggiamcan.com\/?post_type=product&#038;p=354"},"modified":"2026-04-07T11:05:13","modified_gmt":"2026-04-07T11:05:13","slug":"nuoc-xit-thom-mieng-glister-mint-refresher-spray","status":"publish","type":"product","link":"https:\/\/uonggiamcan.com\/index.php\/san-pham\/nuoc-xit-thom-mieng-glister-mint-refresher-spray\/","title":{"rendered":"N\u01b0\u1edbc x\u1ecbt th\u01a1m mi\u1ec7ng Glister Mint Refresher Spray"},"content":{"rendered":"<p><strong>H\u01b0\u1edbng d\u1eabn s\u1eed d\u1ee5ng:<\/strong><\/p>\n<p>&#8211; D\u1ef1ng th\u1eb3ng chai v\u00e0 x\u1ecbt tr\u1ef1c ti\u1ebfp v\u00e0o khoang mi\u1ec7ng<\/p>\n<p>&#8211; S\u1ea3n ph\u1ea9m \u0111\u01b0\u1ee3c thi\u1ebft k\u1ebf \u0111\u1ec3 s\u1eed d\u1ee5ng b\u1eb1ng mi\u1ec7ng v\u00e0 an to\u00e0n khi nu\u1ed1t. N\u1ebfu b\u1ecb b\u1eafn v\u00e0o m\u1eaft, h\u00e3y r\u1eeda m\u1eaft b\u1eb1ng n\u01b0\u1edbc<\/p>\n<p><img loading=\"lazy\" decoding=\"async\" class=\"alignnone wp-image-6046 size-full\" src=\"http:\/\/nppchinhhang.com\/wp-content\/uploads\/2025\/04\/Nuoc-xit-thom-mieng-Glister-Mint-Refresher-Spray1-scaled.jpg\" alt=\"\" width=\"1178\" height=\"2560\" \/><\/p>\n<p><strong>C\u00e1ch b\u1ea3o qu\u1ea3n:<\/strong>\u00a0B\u1ea3o qu\u1ea3n s\u1ea3n ph\u1ea9m \u1edf n\u01a1i kh\u00f4 r\u00e1o, tho\u00e1ng m\u00e1t. Tr\u00e1nh \u00e1nh n\u1eafng tr\u1ef1c ti\u1ebfp<\/p>\n<p><strong>L\u01b0u \u00fd:<\/strong>\u00a0S\u1ea3n ph\u1ea9m ch\u1ee9a ch\u1ea5t ethanol d\u1ec5 ch\u00e1y. Kh\u00f4ng s\u1eed d\u1ee5ng \u1edf n\u01a1i c\u00f3 l\u1eeda, tia l\u1eeda ho\u1eb7c khi \u0111ang h\u00fat thu\u1ed1c. Tr\u00e1nh ti\u1ebfp x\u00fac v\u1edbi m\u1eaft.<\/p>\n<p><strong>Xu\u1ea5t x\u1ee9:<\/strong>\u00a0Trung Qu\u1ed1c<\/p>\n<p><strong>Kh\u1ed1i l\u01b0\u1ee3ng:<\/strong>\u00a014 ml\/ Chai. \u01af\u1edbc t\u00ednh \u0111\u1ebfn 223 l\u1ea7n s\u1eed d\u1ee5ng<\/p>\n<p>C\u00f4ng ty ch\u1ecbu tr\u00e1ch nhi\u1ec7m nh\u1eadp kh\u1ea9u v\u00e0 ph\u00e2n ph\u1ed1i s\u1ea3n ph\u1ea9m: C\u00f4ng ty TNHH Amway Vi\u1ec7t Nam, 18 VSIP II-A, \u0111\u01b0\u1eddng s\u1ed1 30, KCN Vi\u1ec7t Nam &#8211; Singapore II-A, P. V\u0129nh T\u00e2n, Th\u00e0nh ph\u1ed1\u00a0T\u00e2n Uy\u00ean, B\u00ecnh D\u01b0\u01a1ng, Vi\u1ec7t Nam. Hotline: 18001700.<\/p>\n<p><strong>Gi\u1ea5y x\u00e1c nh\u1eadn n\u1ed9i dung qu\u1ea3ng c\u00e1o s\u1ed1: 38\/2023\/XNQC-YTBD, 37\/2023\/XNQC-YTBD. Ng\u00e0y: 30\/03\/2023\u00a0<\/strong><\/p>\n<p><strong>Phi\u1ebfu c\u00f4ng b\u1ed1 s\u1ea3n ph\u1ea9m m\u1ef9 ph\u1ea9m s\u1ed1: 175589\/22\/CBMP-QLD. Ng\u00e0y: 22\/07\/2022\u00a0<\/strong><\/p>\n<p>Th\u00e0nh ph\u1ea7n: Glycerin, Alcohol, Flavor\/Parfum, Water, Menthol, Sodium Saccharin.<\/p>\n","protected":false},"excerpt":{"rendered":"<p><strong>H\u01b0\u1edbng d\u1eabn s\u1eed d\u1ee5ng:<\/strong><\/p>\n<p>&#8211; D\u1ef1ng th\u1eb3ng chai v\u00e0 x\u1ecbt tr\u1ef1c ti\u1ebfp v\u00e0o khoang mi\u1ec7ng<\/p>\n<p>&#8211; S\u1ea3n ph\u1ea9m \u0111\u01b0\u1ee3c thi\u1ebft k\u1ebf \u0111\u1ec3 s\u1eed d\u1ee5ng b\u1eb1ng mi\u1ec7ng v\u00e0 an to\u00e0n khi nu\u1ed1t. N\u1ebfu b\u1ecb b\u1eafn v\u00e0o m\u1eaft, h\u00e3y r\u1eeda m\u1eaft b\u1eb1ng n\u01b0\u1edbc<\/p>\n","protected":false},"featured_media":409,"comment_status":"open","ping_status":"closed","template":"","meta":[],"product_brand":[],"product_cat":[454],"product_tag":[],"class_list":{"0":"post-354","1":"product","2":"type-product","3":"status-publish","4":"has-post-thumbnail","6":"product_cat-cham-soc-ca-nhan-amway","8":"first","9":"instock","10":"sale","11":"shipping-taxable","12":"purchasable","13":"product-type-simple"},"_links":{"self":[{"href":"https:\/\/uonggiamcan.com\/index.php\/wp-json\/wp\/v2\/product\/354","targetHints":{"allow":["GET"]}}],"collection":[{"href":"https:\/\/uonggiamcan.com\/index.php\/wp-json\/wp\/v2\/product"}],"about":[{"href":"https:\/\/uonggiamcan.com\/index.php\/wp-json\/wp\/v2\/types\/product"}],"replies":[{"embeddable":true,"href":"https:\/\/uonggiamcan.com\/index.php\/wp-json\/wp\/v2\/comments?post=354"}],"wp:featuredmedia":[{"embeddable":true,"href":"https:\/\/uonggiamcan.com\/index.php\/wp-json\/wp\/v2\/media\/409"}],"wp:attachment":[{"href":"https:\/\/uonggiamcan.com\/index.php\/wp-json\/wp\/v2\/media?parent=354"}],"wp:term":[{"taxonomy":"product_brand","embeddable":true,"href":"https:\/\/uonggiamcan.com\/index.php\/wp-json\/wp\/v2\/product_brand?post=354"},{"taxonomy":"product_cat","embeddable":true,"href":"https:\/\/uonggiamcan.com\/index.php\/wp-json\/wp\/v2\/product_cat?post=354"},{"taxonomy":"product_tag","embeddable":true,"href":"https:\/\/uonggiamcan.com\/index.php\/wp-json\/wp\/v2\/product_tag?post=354"}],"curies":[{"name":"wp","href":"https:\/\/api.w.org\/{rel}","templated":true}]}}